36)/8 - -5)?
2, 3, 79
Suppose -5*q - c + 1433 = 0, 0*q = -2*q + 2*c + 578. What are the prime factors of q?
7, 41
Let p(w) = -2*w**2 + 3*w**2 - 1 + 0*w - 7*w. List the prime factors of p(-5).
59
Suppose -248 = -3*b + 2*g, -6*g = -g + 5. Let o = -46 + b. List the prime factors of o.
2, 3
Let f = -39 + 42. Suppose -f*a + 3*r = -555, r - 1 = -4. What are the prime factors of a?
2, 7, 13
Let r = -1691 + 4327. What are the prime factors of r?
2, 659
Suppose 5*o + 3*d = 8*d + 3795, d - 1 = 0. What are the prime factors of o?
2, 5, 19
Let f = -2942 + 4146. List the prime factors of 2/(-5) + f/10 - 3.
3, 13
Let v be 159/2 + 3/(-2). Suppose v = 2*l - 3*u - 208, -2 = -u. List the prime factors of l.
2, 73
Let i = 18 - 13. Let q = i - 51. Let j = 85 + q. List the prime factors of j.
3, 13
Suppose -55593 = -24*t - 12513. What are the prime factors of t?
5, 359
What are the prime factors of (340 - -4) + (-6 - -13)?
3, 13
Let c(v) = -18*v**2 - 18*v - 3. Let g(x) = x**2 + x. Let p(a) = -2*c(a) - 30*g(a). List the prime factors of p(-4).
2, 3, 13
Let o(f) = 3*f - 7*f + 5*f - 2*f + 10. What are the prime factors of o(-13)?
23
Suppose 2*y + 2*y = 3*x - 4037, 2*x + 3*y = 2663. List the prime factors of x.
13, 103
Let r = -854 + 1629. What are the prime factors of r?
5, 31
Suppose t = -4*t - 95. Let x(a) = -a**3 + 6*a**2 - a + 2. Let r be x(5). Let s = t + r. List the prime factors of s.
3
Let w = -40 + 70. Let y = 36 + w. What are the prime factors of y?
2, 3, 11
Let v(o) = 13*o**2 + 22*o + 41. What are the prime factors of v(-20)?
4801
Let t be (2646/(-24))/(-21) - (-1)/(-4). Let o = 2 - 2. Suppose -t*p = -o*p - 85. List the prime factors of p.
17
Suppose 0 = 3*l + 6, 5*j - 1966 = -4*l + 1056. List the prime factors of j.
2, 3, 101
Let n = -119 - -122. Suppose n*b - 344 = 199. List the prime factors of b.
181
List the prime factors of (248/(-1240))/((-2)/15670).
1567
Let i = -1197 - -2307. What are the prime factors of i?
2, 3, 5, 37
Suppose 0 = -2*b - 4*b - 36. Let q(t) = -10*t - 17. Let z be q(b). Suppose -z*u + 48*u = 240. List the prime factors of u.
2, 3
Let a(b) = -85*b + 2. Let z be a(-2). Suppose 5*g - 9 - 6 = 0. Suppose 94 = 4*h - j, -58 = 5*h - g*j - z. List the prime factors of h.
2, 3
Let f be (-8 - -3)/(-5) + 10. Let k = 22 - f. List the prime factors of k.
11
Let w(x) = 7*x**2 - 102*x**3 + 103*x**3 + 2*x + 7*x + x**2. Let l(q) = q**3 + 5*q**2 + 7*q + 6. Let r be l(-4). List the prime factors of w(r).
2, 3
Let p = 58 - 34. Let b be (0 + -2)*15/(-6). Let d = p - b. List the prime factors of d.
19
Suppose 4*m + q - 5*q - 236 = 0, 3*m + 2*q - 167 = 0. List the prime factors of m.
3, 19
Let r(a) = -6*a + 58. Let g be r(9). Suppose 0 = -2*f + 5*v + 336, 2*v - 672 = -g*f - 3*v. What are the prime factors of f?
2, 3, 7
Let x = 23 + -23. Let z be 1/(6/(-80))*-3. Suppose q = -x*q + z. List the prime factors of q.
2, 5
Suppose 5*b - 529 = -z - z, -1330 = -5*z - 5*b. What are the prime factors of z?
3, 89
Let k = 45 + -6. List the prime factors of k.
3, 13
Suppose -89 - 25 = -2*o. Let n = 35 + o. List the prime factors of n.
2, 23
Suppose 4*t + 0*t = 12. Suppose -2*b + 4 = -t*b, 0 = -g - b + 94. What are the prime factors of g?
2, 7
Suppose 12*w = 9*w + 12. Suppose w*p - 945 = -3*m, 0*m = -4*m - 5*p + 1259. List the prime factors of m.
311
Let c(k) = -62*k**2 - 1. Let j be c(1). Let o = -44 - j. What are the prime factors of o?
19
Suppose 0 = 5*v + 3*d - 2319, 7*v - 5*v = -d + 928. List the prime factors of v.
3, 5, 31
Suppose 0*n + 2*n - 4*j - 68 = 0, 3*n + 2*j = 94. Let h(c) = 4*c**2 - 3*c - 5. Let u be h(4). Let t = u - n. What are the prime factors of t?
3, 5
Let o(y) = y**2 - 13*y - 25. Let z be o(15). Suppose -10 = 5*v, 6*b = 3*b - z*v + 812. List the prime factors of b.
2, 137
Let x be 1*(4 + 2 + 758). Suppose 126*t = 122*t + x. What are the prime factors of t?
191
Let i = -373 - -637. List the prime factors of i.
2, 3, 11
Let o be (-3)/(-9) - (-11)/3. Suppose 2*r - 24 = -o*a + 16, 0 = 5*a - r - 36. Suppose a = -b + 40. What are the prime factors of b?
2
Suppose 2*r - 3*o = 7 + 2, 0 = 2*r - 5*o - 11. Let i be ((-270)/r)/(9/(-84)). List the prime factors of i/18 - (-1)/3.
47
Suppose 1176 = 7*l - 0*l. Suppose x - 3*x = -8, -4*i - 4*x - l = 0. Let a = 76 + i. List the prime factors of a.
2, 3, 5
Let v = -1 + 26. Let x = v - -8. What are the prime factors of (-152)/(-3) - (-11)/x?
3, 17
Suppose 3*o = -5*l + 5981, -18*o - 3*l = -17*o - 1995. What are the prime factors of o?
2, 3, 83
Suppose 0 = 17*s - 13*s - 1800. Let w(r) = -r**2 - 12*r - 20. Let j be w(-10). Suppose -2*u - 4*u + s = j. What are the prime factors of u?
3, 5
Let a(j) = j**3 + 6*j**2 - j + 1. Suppose -68 = 10*z - 12*z. Let r = 28 - z. What are the prime factors of a(r)?
7
Let h be -24*4 + -7 + 3 + 4. Let v = h + 264. What are the prime factors of v?
2, 3, 7
Let w(m) = -3*m + 11. Let b be w(0). Let o = 22 + b. What are the prime factors of o?
3, 11
Let n(f) = 56*f**2 + 29*f + 2. List the prime factors of n(7).
3, 983
Let d(j) = j**2 + 36*j - 30. What are the prime factors of d(-42)?
2, 3, 37
Suppose p + 3000 = 6*p. Suppose p = 6*q - q. Suppose q = 6*u - u. What are the prime factors of u?
2, 3
Let d(k) = 3503*k + 23. List the prime factors of d(1).
2, 41, 43
Let x = 71 + -71. Suppose x = -2*o - 48 + 228. List the prime factors of o.
2, 3, 5
Suppose g = 2*g - 1. Let u be (g/2)/(8/1536). Suppose -o = o - u. What are the prime factors of o?
2, 3
Let h(l) be the third derivative of 49*l**4/24 + 5*l**3 + 34*l**2. List the prime factors of h(5).
5, 11
Let c be (-2)/5 + (-83)/5. Let t = c + 64. What are the prime factors of t?
47
Suppose 0 = 3*h - 5*p - 3295, -22*h + 20*h + 2204 = 4*p. What are the prime factors of h?
2, 5, 11
Suppose -9*q + 3069 = 378. List the prime factors of q.
13, 23
Suppose -9*q + 936 = -5*q. Suppose -4*s + 202 = -q. What are the prime factors of s?
109
Let q(y) be the second derivative of -y**6/45 + y**5/120 + y**4/3 + 14*y. Let v(b) be the third derivative of q(b). What are the prime factors of v(-4)?
5, 13
List the prime factors of (9793/35)/((-8)/10 + 1).
1399
Suppose 0 = 26*s - 2343 - 569. List the prime factors of s.
2, 7
Let w(m) = 3*m**2 - 51*m + 1148. What are the prime factors of w(48)?
2, 23, 61
Let o be 10 - 7 - (2 - 4). Suppose -a + 23 = -o*d, a + 2*a - 82 = 2*d. What are the prime factors of a?
2, 7
Let s(d) = 3*d**2 + 38*d - 628. What are the prime factors of s(31)?
3433
Suppose -x + 5*z = x - 7, -41 = 4*x + z. Let c(v) = v**3 + 10*v**2 - 3*v + 2. List the prime factors of c(x).
2, 5, 11
Let t be ((4 - 2) + -2)*-1. Let l = t + 216. What are the prime factors of l?
2, 3
Suppose -x + 5 = 0, -23*x - 2255 = -4*u - 22*x. List the prime factors of u.
5, 113
Suppose -3*i + 30 = 5*o, -2*i = 4*o - 11 - 13. Let v be (-5)/25 + (-3)/(-15). Suppose -u + 13 - o = v. What are the prime factors of u?
7
Suppose 4*u - 939 + 259 = 0. Suppose -4*t + 9*t = u. What are the prime factors of t?
2, 17
Suppose 44*x + 8 = 46*x. Suppose 308 + 242 = 4*w - 5*d, -x*w + 570 = 5*d. What are the prime factors of w?
2, 5, 7
Let i = 443 + -416. What are the prime factors of i?
3
Suppose -n - 1914 = -8*l + 3*l, 0 = -l - 2*n + 374. What are the prime factors of l?
2, 191
Let o(k) = k**3 + 6*k**2 + k + 8. Let r be o(-6). Suppose r = 3*w - 4. Suppose -w*p = -19 - 31. What are the prime factors of p?
5
Suppose -10 = 5*d, -2*i = -0*d - 3*d - 704. What are the prime factors of i?
349
Let h = 540 + 32. Suppose 0 = -4*b - 4*j + h, -2*j + 453 = 5*b - 271. What are the prime factors of b?
2, 73
Let d(c) = -c**3 - 12*c**2 - 6*c - 15. Let r be d(-8). Let k = -116 - r. List the prime factors of k.
107
Suppose 7 = 2*y + 2*p + 1, 4*p = 5*y - 24. Suppose 5*w - 118 = y*d, -w - 4*w - 4*d + 102 = 0. What are the prime factors of w?
2, 11
Let u(v) = 21*v**2 + 21. List the prime factors of u(10).
3, 7, 101
Let w = 261 - 659. Let g = -202 - w. List the prime factors of g.
2, 7
Let n(m) = 8*m - 65. Let l = -40 + 50. List the prime factors of n(l).
3, 5
Suppose -3*m - 62 = -14. Let v = m - -72. List the prime factors of v.
2, 7
Let i = 326 - 271. What are the prime factors of i?
5, 11
Suppose 444 + 7796 = 10*q. List the prime factors of q.
2, 103
Let l(o) = 2*o**2 + 8*o - 11. Let s = -15 - -6. What are the prime fact